rue
Is 11319163 prime?
True
Is 729012265 prime?
False
Is 258441109 composite?
True
Is 1758840851 a prime number?
True
Is 32687665963 prime?
True
Is 108690179821 composite?
False
Is 17430466301 a prime number?
True
Is 60235537 a prime number?
False
Is 16404434327 prime?
True
Is 1367106953 a prime number?
True
Is 3145170601 a prime number?
False
Is 64494419323 a prime number?
False
Is 4012298177 a composite number?
False
Is 20144209 composite?
False
Is 6311445697 composite?
False
Is 369187381 composite?
False
Is 23968482871 a prime number?
True
Is 95443903 prime?
False
Is 2406827 prime?
False
Is 414490787 a prime number?
False
Is 151430239 prime?
True
Is 224695997 composite?
False
Is 2195940863 composite?
False
Is 1222193711 composite?
True
Is 17866747 a prime number?
True
Is 7206095107 composite?
True
Is 20222465483 prime?
False
Is 4522634707 a composite number?
False
Is 56319185063 prime?
False
Is 2943385499 a prime number?
False
Is 237956603 a composite number?
True
Is 211082933 composite?
False
Is 582725933 prime?
False
Is 198971153 composite?
True
Is 566055433 a prime number?
False
Is 54232591031 composite?
False
Is 8856243523 a prime number?
True
Is 780715487 a composite number?
False
Is 5650414127 prime?
True
Is 666725693 a composite number?
False
Is 78881893 prime?
True
Is 5459602117 composite?
True
Is 5158750849 composite?
True
Is 19072849099 a prime number?
False
Is 967120373 composite?
False
Is 609198593 composite?
False
Is 180118712699 a composite number?
False
Is 286717609 a prime number?
False
Is 2387323157 composite?
True
Is 7063154281 a prime number?
True
Is 313201139 prime?
True
Is 677030333 prime?
False
Is 376480493 composite?
False
Is 4471389647 a prime number?
False
Is 24103729101 prime?
False
Is 1589816819 a composite number?
False
Is 1572283721 a composite number?
False
Is 27661129 a prime number?
True
Is 355519799 a prime number?
True
Is 4453499719 prime?
True
Is 187861519879 a prime number?
False
Is 719953867 composite?
True
Is 7460933687 composite?
False
Is 1408402049 composite?
False
Is 64273338431 a prime number?
True
Is 10553633341 a composite number?
False
Is 45309393407 prime?
False
Is 7854482291 a composite number?
False
Is 108006933733 prime?
False
Is 22445943757 composite?
True
Is 9287715739 a prime number?
True
Is 74031918283 a composite number?
True
Is 4841446457 prime?
True
Is 7722632989 a composite number?
True
Is 57687428453 a composite number?
False
Is 3413251319 composite?
True
Is 64294453879 prime?
True
Is 495761713 composite?
True
Is 469754539 prime?
False
Is 6735955481 a composite number?
True
Is 892135201 a composite number?
True
Is 139735759 a composite number?
True
Is 23510832437 a prime number?
True
Is 2126526559 a prime number?
True
Is 66488736829 a prime number?
True
Is 10514028869 composite?
True
Is 515961983 composite?
False
Is 393122519 a composite number?
True
Is 173858557 a composite number?
True
Is 20677857955 a composite number?
True
Is 4140653255 a prime number?
False
Is 615106051 prime?
False
Is 9116874589 a prime number?
False
Is 862622729 a prime number?
False
Is 301513151 a prime number?
False
Is 578811811 prime?
True
Is 106780850593 composite?
True
Is 10183887913 a composite number?
False
Is 615492077 composite?
True
Is 1325241271 a composite number?
False
Is 24848737363 a prime number?
False
Is 65040137 prime?
True
Is 17515550809 prime?
True
Is 1265051419 prime?
True
Is 90349776433 a prime number?
False
Is 4741890683 a prime number?
True
Is 305694091 a composite number?
True
Is 6632654179 a composite number?
True
Is 527474027 composite?
False
Is 1257621013 a prime number?
False
Is 23964328597 composite?
True
Is 91089657161 a composite number?
True
Is 57838657 composite?
False
Is 18949509463 prime?
True
Is 8832556573 a prime number?
True
Is 2992109161 a composite number?
False
Is 6053458043 a prime number?
False
Is 86049761 a prime number?
False
Is 5302895135 a prime number?
False
Is 1493409139 prime?
False
Is 45420303167 composite?
False
Is 2273342689 a composite number?
True
Is 83521970663 composite?
False
Is 15237511 prime?
False
Is 215910649 composite?
True
Is 253888597 a prime number?
False
Is 2332918541 composite?
False
Is 21682564757 prime?
False
Is 1238132167 a prime number?
True
Is 1521247051 a prime number?
True
Is 5157923637 composite?
True
Is 131716813 composite?
True
Is 2633207011 prime?
False
Is 6622176839 prime?
True
Is 1226654749 prime?
True
Is 466926587 prime?
False
Is 3869081581 a prime number?
False
Is 14526914141 composite?
False
Is 42031258567 composite?
True
Is 54688947431 a prime number?
False
Is 388634689 prime?
True
Is 47006821 a prime number?
True
Is 336974041 composite?
False
Is 46393834283 composite?
False
Is 91977517 prime?
True
Is 724939141 composite?
True
Is 122176819519 prime?
True
Is 52191369953 composite?
False
Is 11064855799 a prime number?
True
Is 3373929737 composite?
False
Is 2288404577 a composite number?
False
Is 13707790279 a prime number?
False
Is 9827291 prime?
False
Is 241393459 a prime number?
True
Is 110494591213 a composite number?
True
Is 961169771 a composite number?
True
Is 28038875303 prime?
False
Is 1196333429 prime?
True
Is 1178601157 prime?
True
Is 55135569133 a composite number?
True
Is 65112067127 prime?
False
Is 954544433 a prime number?
False
Is 3979086337 composite?
True
Is 3063968537 composite?
True
Is 4288501057 a prime number?
True
Is 14489421379 a prime number?
True
Is 10857944477 composite?
True
Is 5776268567 prime?
False
Is 235680418487 a prime number?
True
Is 2522438687 prime?
True
Is 5243710541 a prime number?
True
Is 33679542773 a prime number?
True
Is 658774559 a composite number?
False
Is 17885167 composite?
False
Is 28804686259 a composite number?
False
Is 124126277857 prime?
True
Is 3784422851 a composite number?
True
Is 1798472791 composite?
False
Is 4173557317 a prime number?
False
Is 4810723231 a composite number?
True
Is 55276702417 a prime number?
True
Is 2566952555 a prime number?
False
Is 4072184977 a composite number?
True
Is 3351724567 a composite number?
True
Is 10541393461 composite?
False
Is 1340205889 prime?
False
Is 22248452617 a composite number?
False
Is 2525503913 a prime number?
True
Is 5075559341 prime?
True
Is 10741592347 prime?
False
Is 8442546121 a composite number?
True
Is 62676606901 a composite number?
False
Is 160457533 a composite number?
False
Is 803756157 prime?
False
Is 30246716139 prime?
False
Is 1250958169 a prime number?
False
Is 33194642983 a prime number?
True
Is 516351959 composite?
True
Is 9431709289 composite?
True
Is 1173297611 prime?
True
Is 973892553 a composite number?
True
Is 6190970231 prime?
True
Is 2759720989 a prime number?
False
Is 4843287719 a prime number?
True
Is 557539387 prime?
True
Is 2568921793 a composite number?
False
Is 378187679 composite?
False
Is 3768827091 a composite number?
True
Is 624155099 a prime number?
False
Is 16390285517 a prime number?
True
Is 127172124799 prime?
True
Is 6561368969 composite?
False
Is 4983769799 prime?
False
Is 88490737 composite?
True
Is 5328557995 a composite number?
True
Is 6097620077 composite?
False
Is 477666611 a composite number?
False
Is 1237921141 a prime number?
False
Is 820501841 prime?
False
Is 647287241 composite?
False
Is 1482376039 a composite number?
True
Is 2692553483 a prime number?
False
Is 974996309 composite?
True
Is 736812731 prime?
False
Is 201575917 a composite number?
False
Is 24342057721 a composite number?
False
Is 274868195317 a prime number?
True
Is 58015199173 composite?
False
Is 2029466207 composite?
True
Is 20006612459 composite?
True
Is 311073989 prime?
True
Is 158748407 a prime number?
False
Is 254931223 composite?
False
Is 403028261971 a composite number?
False
Is 1551256331 a composite number?
True
Is 1502475031 a prime number?
False
Is 4998007039 a prime number?
True
Is 10369007827 a prime number?
True
Is 13731628403 composite?
False
Is 179809369 composite?
True
Is 1353671749 prime?
True
Is 10504394457 composite?
True
Is 15701849473 composite?
True
Is 13702073669 prime?
True
Is 1023684602 a prime number?
False
Is 43410876841 composite?
False
Is 1713931985 a prime number?
False
Is 6524279 composite?
True
Is 5557567871 a prime number?
True
Is 46910082341 prime?
False
Is 47826740971 prime